divided by 9.
6
Let s = 122 + -31. Let l = 27 + -57. Calculate the remainder when s is divided by 1 + (-13)/(13/l).
29
Suppose 29421 = 26*b - 28247. What is the remainder when b is divided by 10?
8
Suppose 8*k - 6 = 98. Suppose -k*i + 1131 + 364 = 0. Calculate the remainder when i is divided by 24.
19
Suppose 382*c + 5*k + 200 = 383*c, 4*k = -28. What is the remainder when 6928 is divided by c?
163
Let s = -15323 + 15417. What is the remainder when (0 - (-269)/2)*2 is divided by s?
81
Suppose -13*k + 9*k = -5*y - 1308, -2*y = -4*k + 1308. Suppose -2*g + 3*o + k = 0, -5*g + g + o = -629. What is the remainder when g is divided by 49?
9
Let y be 3*5*(-80)/(-200). Calculate the remainder when 317 is divided by 9/(y/(-2))*(-864)/81.
29
Suppose 41*x - 36*x + 4372 = 3*h, 3*h = -4*x + 4408. What is the remainder when h is divided by 244?
0
Suppose -351 = -3*f - 4*w, -9*f + 4*f + 577 = 4*w. What is the remainder when f is divided by (-85 - (-2 - 1))/(-3 + 5/5)?
31
What is the remainder when (34/(-14))/((-90)/6930) is divided by 27?
25
Suppose 7*d - 8*d = -l - 1663, -5*d = -2*l - 8315. Calculate the remainder when d is divided by 26.
25
Let i = -155 - -180. Let a(d) = d**3 + 9*d**2 + 7*d - 6. What is the remainder when i is divided by a(-8)?
1
Let p(l) = -1640*l - 664. What is the remainder when p(-1) is divided by 20?
16
Suppose -5 = -5*a + d, 6*a - 3*d + 5 = a. Suppose 10 = a*k + 6. Suppose 2*p = 4*m - 9*m + 96, 5*p = k*m - 21. What is the remainder when m is divided by 6?
0
Let b be -3*1 + (-2)/(8/(-28)). Let m be 21/(-15) - 4/(-10) - b. Let g(a) = -a + 18. What is the remainder when 44 is divided by g(m)?
21
Let b(t) = t**3 - 5*t**2 - 2*t + 8. Let w be 3*-4*(-9)/(-54). What is the remainder when (2 + -1)*w*-2 + 122 is divided by b(6)?
30
Suppose 44*m = 246 - 26. Calculate the remainder when 106 is divided by (-65)/(-6) + m/30.
7
Let d(i) = -6*i + 5. Let c = 1264 - 725. Suppose 534*f + 280 = c*f. Calculate the remainder when f is divided by d(-4).
27
Suppose 62*f + 18 = 134*f - 63*f. Calculate the remainder when 113 is divided by f.
1
Let f(t) = 2*t**2 - 12*t - 5. Suppose 7*q + 35 = -w + 95, -100 = -w + 3*q. What is the remainder when w is divided by f(9)?
39
Let d = -293 + 299. Suppose 0*h + 3864 = d*h. What is the remainder when h is divided by 24?
20
Let w(y) = y**2 - 41*y - 119. What is the remainder when 13 is divided by w(-3)?
0
Let x(q) be the first derivative of -9*q**2/2 - 2*q - 2. Calculate the remainder when x(-6) is divided by 22 - 185/(-111)*(0 + (-24)/10).
16
Suppose 0 = -28*j + 15482 + 89558 - 208. Calculate the remainder when j is divided by 35.
34
Suppose 0 = 5*b + 328 - 1023. What is the remainder when b is divided by (-11)/(44/16 + -3)?
7
Calculate the remainder when 4250 is divided by (-3 - 0)*(-38097)/81.
17
Let z(h) = 2*h**2 - h - 2. What is the remainder when 7/(7/10)*2675*(-20)/(-2500) is divided by z(-2)?
6
Let a(k) = 2*k**3 - 10*k**2 - 3*k + 19. Let g = 880 + -837. What is the remainder when a(7) is divided by g?
22
Let a(d) = -184 + 96 + 90 + 4*d. Calculate the remainder when a(12) is divided by 29.
21
Suppose 2*x + 6 = -4*j, 6*j - 8*j - 5*x = -17. What is the remainder when 129 is divided by (-1)/(6/816*j)?
27
Let h(i) = -2 + 18*i**2 - i - 22*i**2 - i**3 + 5. Let k be h(-3). Let a(c) = -14*c + 12. What is the remainder when a(k) is divided by 19?
16
Let m = 713 - 1162. Let p = m + 509. What is the remainder when p is divided by 16?
12
Suppose -19*j + 17*j + 12 = 0. Suppose 2*b = -3*s - 4 + 3, -30 = -5*s + 3*b. What is the remainder when (-1 - 7/s)*36/(-8) is divided by j?
3
Suppose h + 3*d - 2 = 25, -2*h - 45*d - 63 = 0. Suppose 5*a + 680 = 5*t, -2*t + a - 420 = -5*t. What is the remainder when t is divided by h?
31
Let w(y) = -y**2 - 11*y - 5. Let r be w(-10). Suppose 4*s = 3*m + 4615, 5745 = r*s + m - 0*m. What is the remainder when (-1)/2 + s/20 is divided by 15?
12
Suppose -1150 = 3*q - 49*q. Let l(h) = 7*h. What is the remainder when q is divided by l(1)?
4
Suppose 0 = -0*m - 5*m - 4770 + 30140. What is the remainder when m is divided by 141?
139
Let s = -77 + 80. Suppose -s*o + 1 = -l - 47, -48 = -4*o - 4*l. Let n(a) = -9*a + 3. Calculate the remainder when n(-6) is divided by o.
12
Suppose -2*j + 32 = -4*k, -5*j - 437 + 522 = -5*k. Let p = -99 - -189. Let l = p + -38. What is the remainder when l is divided by j?
16
What is the remainder when 2836 is divided by ((-198)/21)/(12/(-168)*2*2)?
31
Let i(u) = -9*u. Suppose -678 = -14*d + 582. What is the remainder when i(-1) is divided by (-30)/4*24/d*-3?
3
Let h = 73 + -25. Let c be 6*h/90*30/(-4). Calculate the remainder when 5 is divided by -1*8/(-6)*(-36)/c.
1
Let o(q) = 37*q - 2. What is the remainder when o(2) is divided by 294/(-196) - (2 - ((-89)/(-2) + 0))?
31
Suppose -3*u - 19*o + 694 = -18*o, 4*o + 920 = 4*u. What is the remainder when u is divided by 29?
28
Let c = 1607 - 536. Suppose -687 = -4*d + 2*o + c, -3*o + 1743 = 4*d. Calculate the remainder when d is divided by 11.
9
Suppose 2569*h = 2602*h - 561. What is the remainder when 309 is divided by h?
3
Suppose 5*u - 3*l = 269, -2*l + 161 = 5*u - 168. Suppose -32 = -0*y - y - v, 0 = -3*y + 5*v + 112. Calculate the remainder when u is divided by y.
27
Suppose 0 = 2*g - 5*b - 33678, 4*b + 13397 + 37120 = 3*g. Calculate the remainder when g is divided by 11.
9
Let v = -6328 + 6344. What is the remainder when 2669 is divided by v?
13
Let h(m) = -331*m - 6191. What is the remainder when 745 is divided by h(-19)?
59
Let z be 756/28*52/6. Let q = z - 56. What is the remainder when q is divided by 60?
58
Suppose 3*f + 2*f = 5*u - 885, -2*f + 171 = u. Suppose -36*v + 44*v = 16. Let d = u - v. Calculate the remainder when d is divided by 44.
41
Suppose -856 + 744 = -8*y. Calculate the remainder when 1956 is divided by y.
10
Suppose -5*s + 15 = 0, 3*w + 0*s = -s + 324. Calculate the remainder when w is divided by ((-32)/(-10))/((-4)/(-20)).
11
Suppose 41591 = 32*f - 27145. What is the remainder when f is divided by 43?
41
Suppose 7573 + 14372 = 95*x. What is the remainder when x is divided by 47?
43
Suppose 3*g + 4*u - 58 = g, 0 = -g + u + 41. What is the remainder when (-664)/(-2) - (-12 - -17 - 4) is divided by g?
35
Let u(g) = 7*g**2 + 30*g + 103. Let m(i) = 4*i**2 + 15*i + 52. Let d(w) = 5*m(w) - 3*u(w). What is the remainder when 9 is divided by d(-10)?
0
What is the remainder when 9233/(11 + (8 - 12)) is divided by 11?
10
Let i = 336 - 339. What is the remainder when (35/14)/(265/(-90) - i) is divided by 7?
3
Let o(a) = -a**3 - 10*a**2 - 46*a + 11. What is the remainder when o(-4) is divided by 65?
34
Suppose -2*d = 5*r - 671, 4*r + 4*d - 691 + 147 = 0. What is the remainder when r is divided by 5?
3
What is the remainder when 1325 is divided by (35 - 34)/((14/(-4) + 2)/(-87))?
49
Let v be ((-2)/(-8))/(10/120). Suppose -23 = v*o - 110. Calculate the remainder when 115 is divided by o.
28
Calculate the remainder when 743 is divided by 18/(-2)*(2/(-2))/((-28)/(-28)).
5
Let k be -1 - 1*(-3132)/4. Let v = k + -770. Let s(y) = y**2 + y + 68. Calculate the remainder when s(0) is divided by v.
8
Suppose -175*w + 3*x = -174*w - 8, 0 = 5*w + 4*x - 78. Calculate the remainder when 1186 is divided by w.
10
Let d = -1657 + 3014. Suppose -d = -6*m - 253. What is the remainder when m is divided by 58?
10
Suppose -5*b = -3*i - 2307, 0 = -5*b + 9*b + i - 1849. Calculate the remainder when b is divided by 432.
30
Suppose -30 - 1376 = -36*o - 38*o. Calculate the remainder when 2618 is divided by o.
15
Let o = -563 + 560. Let q(i) = 25*i**2 + 5*i + 18. What is the remainder when q(o) is divided by 33?
30
Let i = -3 - -20. Let l(v) = -2*v**2 + 6*v. Let n be l(3). Calculate the remainder when 50 + -6 + n + 5 is divided by i.
15
Suppose 0 = -3*u + u + 10. What is the remainder when 252/(-112)*(-6 - 2) is divided by u?
3
Let j be 852/8*(-20)/(-6). Suppose m = -4*m + j. What is the remainder when m is divided by ((-444)/(-20))/(21/35)?
34
Let l(a) be the third derivative of -a**6/120 + 11*a**5/60 - a**4/24 + a**3 - 92*a**2. Calculate the remainder when l(5) is divided by 39.
34
Let h = 292 + -168. Let s(j) = 343*j + 2769. What is the remainder when h is divided by s(-8)?
24
Suppose 4*g + 2*v + 6 = 0, -26 = -g + 5*v - 0*v. Let m be